{"id":12765,"date":"2025-10-13T18:03:06","date_gmt":"2025-10-13T18:03:06","guid":{"rendered":"https:\/\/plexo.edu.uy\/?page_id=12765"},"modified":"2025-10-21T18:17:14","modified_gmt":"2025-10-21T18:17:14","slug":"fadu-udelar","status":"publish","type":"page","link":"https:\/\/plexo.edu.uy\/index.php\/fadu-udelar\/","title":{"rendered":"FADU &#8211; UDELAR"},"content":{"rendered":"<p>[et_pb_section fb_built=&#8221;1&#8243; _builder_version=&#8221;4.27.4&#8243; _module_preset=&#8221;default&#8221; background_color=&#8221;rgba(0,0,0,0.5)&#8221; background_image=&#8221;https:\/\/plexo.edu.uy\/wp-content\/uploads\/2025\/10\/Facultad_de_Arquitectura_Montevideo_38.jpg&#8221; background_blend=&#8221;overlay&#8221; global_colors_info=&#8221;{}&#8221;][et_pb_row _builder_version=&#8221;4.27.4&#8243; _module_preset=&#8221;default&#8221; max_width=&#8221;2560px&#8221; custom_margin=&#8221;75px||-50px||false|false&#8221; custom_padding=&#8221;||0px||false|false&#8221; global_colors_info=&#8221;{}&#8221;][et_pb_column type=&#8221;4_4&#8243; _builder_version=&#8221;4.27.4&#8243; _module_preset=&#8221;default&#8221; global_colors_info=&#8221;{}&#8221;][et_pb_text _builder_version=&#8221;4.27.4&#8243; _module_preset=&#8221;default&#8221; header_font=&#8221;&#8211;et_global_body_font||||||||&#8221; header_text_align=&#8221;left&#8221; header_text_color=&#8221;#FFFFFF&#8221; header_font_size=&#8221;80px&#8221; header_font_size_tablet=&#8221;80px&#8221; header_font_size_phone=&#8221;60px&#8221; header_font_size_last_edited=&#8221;on|phone&#8221; global_colors_info=&#8221;{}&#8221;]<\/p>\n<h1>FADU &#8211; UDELAR<\/h1>\n<p>[\/et_pb_text][\/et_pb_column][\/et_pb_row][\/et_pb_section][et_pb_section fb_built=&#8221;1&#8243; admin_label=&#8221;section&#8221; _builder_version=&#8221;4.27.4&#8243; global_colors_info=&#8221;{}&#8221;][et_pb_row column_structure=&#8221;1_2,1_2&#8243; _builder_version=&#8221;4.27.4&#8243; _module_preset=&#8221;default&#8221; max_width=&#8221;2560px&#8221; global_colors_info=&#8221;{}&#8221;][et_pb_column type=&#8221;1_2&#8243; _builder_version=&#8221;4.27.4&#8243; _module_preset=&#8221;default&#8221; global_colors_info=&#8221;{}&#8221;][et_pb_text _builder_version=&#8221;4.27.4&#8243; _module_preset=&#8221;default&#8221; header_font=&#8221;&#8211;et_global_body_font|700|||||||&#8221; header_text_align=&#8221;left&#8221; header_font_size=&#8221;40px&#8221; custom_margin=&#8221;||0px||false|false&#8221; custom_padding=&#8221;||0px||false|false&#8221; global_colors_info=&#8221;{}&#8221;]<\/p>\n<h1>Universidad de la rep\u00fablica<\/h1>\n<p>[\/et_pb_text][et_pb_text _builder_version=&#8221;4.27.4&#8243; _module_preset=&#8221;default&#8221; text_font=&#8221;||on||||||&#8221; text_font_size=&#8221;18px&#8221; header_font=&#8221;&#8211;et_global_body_font||||||||&#8221; global_colors_info=&#8221;{}&#8221;]UDELAR<br \/>\n[\/et_pb_text][et_pb_text _builder_version=&#8221;4.27.4&#8243; _module_preset=&#8221;default&#8221; global_colors_info=&#8221;{}&#8221;]La Universidad de la Rep\u00fablica (Udelar) es la principal instituci\u00f3n de educaci\u00f3n superior y de investigaci\u00f3n del Uruguay. En colaboraci\u00f3n con una amplia gama de actores institucionales y sociales, realiza tambi\u00e9n m\u00faltiples actividades orientadas al uso socialmente valioso del conocimiento y a la difusi\u00f3n de la cultura. Es una instituci\u00f3n p\u00fablica, aut\u00f3noma y cogobernada por sus docentes, estudiantes y egresados.<\/p>\n<p><em>Fuente: Portal UDELAR<\/em><br \/>\n[\/et_pb_text][dipl_button buttons_alignment_tablet=&#8221;&#8221; buttons_alignment_phone=&#8221;center&#8221; buttons_alignment_last_edited=&#8221;on|desktop&#8221; _builder_version=&#8221;4.27.4&#8243; _module_preset=&#8221;default&#8221; global_colors_info=&#8221;{}&#8221;][dipl_button_item button_text=&#8221;Visitar portal UDELAR&#8221; button_url=&#8221;https:\/\/udelar.edu.uy\/portal\/&#8221; url_new_window=&#8221;on&#8221; button_bg_color=&#8221;#e44b5b&#8221; button_custom_padding=&#8221;8px|24px|8px|24px|false|false&#8221; _builder_version=&#8221;4.27.4&#8243; _module_preset=&#8221;default&#8221; button_text_color=&#8221;#FFFFFF&#8221; border_radii=&#8221;on|24px|24px|24px|24px&#8221; global_colors_info=&#8221;{}&#8221; button_bg_color__hover_enabled=&#8221;on|hover&#8221; button_bg_enable_color__hover=&#8221;on&#8221; button_bg_color__hover=&#8221;#af3a51&#8243;][\/dipl_button_item][\/dipl_button][\/et_pb_column][et_pb_column type=&#8221;1_2&#8243; _builder_version=&#8221;4.27.4&#8243; _module_preset=&#8221;default&#8221; global_colors_info=&#8221;{}&#8221;][et_pb_image src=&#8221;https:\/\/plexo.edu.uy\/wp-content\/uploads\/2022\/03\/PLEXO_UDELAR.jpg&#8221; title_text=&#8221;PLEXO_UDELAR&#8221; align=&#8221;center&#8221; _builder_version=&#8221;4.27.4&#8243; _module_preset=&#8221;default&#8221; width=&#8221;75%&#8221; global_colors_info=&#8221;{}&#8221;][\/et_pb_image][\/et_pb_column][\/et_pb_row][et_pb_row _builder_version=&#8221;4.27.4&#8243; _module_preset=&#8221;default&#8221; max_width=&#8221;2560px&#8221; global_colors_info=&#8221;{}&#8221;][et_pb_column type=&#8221;4_4&#8243; _builder_version=&#8221;4.27.4&#8243; _module_preset=&#8221;default&#8221; global_colors_info=&#8221;{}&#8221;][et_pb_divider _builder_version=&#8221;4.27.4&#8243; _module_preset=&#8221;default&#8221; global_colors_info=&#8221;{}&#8221;][\/et_pb_divider][\/et_pb_column][\/et_pb_row][et_pb_row _builder_version=&#8221;4.27.4&#8243; _module_preset=&#8221;default&#8221; max_width=&#8221;2560px&#8221; global_colors_info=&#8221;{}&#8221;][et_pb_column type=&#8221;4_4&#8243; _builder_version=&#8221;4.27.4&#8243; _module_preset=&#8221;default&#8221; global_colors_info=&#8221;{}&#8221;][et_pb_text _builder_version=&#8221;4.27.4&#8243; _module_preset=&#8221;default&#8221; header_font=&#8221;&#8211;et_global_body_font|700|||||||&#8221; header_text_align=&#8221;left&#8221; header_font_size=&#8221;40px&#8221; custom_margin=&#8221;||0px||false|false&#8221; custom_padding=&#8221;||0px||false|false&#8221; global_colors_info=&#8221;{}&#8221;]<\/p>\n<h1>Facultad de Arquitectura, Dise\u00f1o y Urbanismo<\/h1>\n<p>[\/et_pb_text][et_pb_text _builder_version=&#8221;4.27.4&#8243; _module_preset=&#8221;default&#8221; text_font=&#8221;||on||||||&#8221; text_font_size=&#8221;18px&#8221; header_font=&#8221;&#8211;et_global_body_font||||||||&#8221; global_colors_info=&#8221;{}&#8221;]FADU<br \/>\n[\/et_pb_text][\/et_pb_column][\/et_pb_row][et_pb_row column_structure=&#8221;1_2,1_2&#8243; _builder_version=&#8221;4.27.4&#8243; _module_preset=&#8221;default&#8221; max_width=&#8221;2560px&#8221; global_colors_info=&#8221;{}&#8221;][et_pb_column type=&#8221;1_2&#8243; _builder_version=&#8221;4.27.4&#8243; _module_preset=&#8221;default&#8221; global_colors_info=&#8221;{}&#8221;][et_pb_text _builder_version=&#8221;4.27.4&#8243; _module_preset=&#8221;default&#8221; global_colors_info=&#8221;{}&#8221;]\u201cEn la Facultad de Arquitectura se forman e investigan quienes intervienen activamente en la concepci\u00f3n y en la construcci\u00f3n f\u00edsica del h\u00e1bitat del hombre, en sus m\u00faltiples dimensiones.<br \/>\nEn los diferentes \u00e1mbitos y carreras de la Facultad, se desarrollan y transmiten conocimientos y habilidades que permiten imaginar y fabricar objetos, o indumentaria, o el equipamiento incluido en cierta habitaci\u00f3n, o proyectar el edificio del que esta habitaci\u00f3n forma parte, o la manzana de la ciudad donde est\u00e1 edificado aquel edificio, o planificar la ciudad en la que est\u00e1 incluida aquella manzana, o participar en el ordenamiento del territorio donde se asienta aquella ciudad, o\u2026<\/p>\n<p>M\u00e1s particularmente la formaci\u00f3n que en nuestra Facultad se desarrolla, permite intervenir en todas estas instancias como individuos poseedores de conocimientos espec\u00edficos, o aportar miradas especializadas -de arquitectos o dise\u00f1adores- a equipos interdisciplinares.<\/p>\n<p>Todas nuestras carreras se vinculan al dise\u00f1o y el proyecto; sus egresados son Arquitectos, Licenciados en Dise\u00f1o de Comunicaci\u00f3n Visual, Licenciados en Dise\u00f1o de Paisaje, Licenciados en Dise\u00f1o Industrial- perfil Producto y perfil Textil-Indumentaria, Licenciados en Dise\u00f1o Integrado \u2013 perfil Eficiencia Energ\u00e9tica y perfil Desarrollo Local. Todos piensan en t\u00e9rminos de futuros posibles, de organizaci\u00f3n y creaci\u00f3n de espacios y objetos, conciben las formas de materializar esas ideas, y analizan las repercusiones culturales y sociales de sus ideas.<br \/>\nLa Universidad cumple tres funciones b\u00e1sicas: ense\u00f1anza (transmisi\u00f3n de conocimiento y desarrollo de habilidades), investigaci\u00f3n (creaci\u00f3n de conocimiento original) y extensi\u00f3n (intercambio con el medio, aportando saberes y recogiendo experiencias). Cada vez m\u00e1s se entiende que las tres est\u00e1n interrelacionadas y son complementarias. De hecho, en nuestras carreras, se admite la importancia formativa de todas ellas, y se procura que el estudiante avance en su formaci\u00f3n realizando actividades dentro y fuera de las aulas, adecuadamente evaluadas y supervisadas.<br \/>\n[\/et_pb_text][\/et_pb_column][et_pb_column type=&#8221;1_2&#8243; _builder_version=&#8221;4.27.4&#8243; _module_preset=&#8221;default&#8221; global_colors_info=&#8221;{}&#8221;][et_pb_text _builder_version=&#8221;4.27.4&#8243; _module_preset=&#8221;default&#8221; global_colors_info=&#8221;{}&#8221;]<\/p>\n<p>La ense\u00f1anza y el aprendizaje en la Universidad, y en particular en nuestra Facultad, trasladan al estudiante la posibilidad de elegir -en buena medida- sus itinerarios. En la Facultad de Arquitectura, los cursos adoptan dos modalidades diferentes; los te\u00f3ricos, en las cuales se transmiten los contenidos esenciales de la formaci\u00f3n, y los talleres en los cuales se desarrollan ciertas capacidades espec\u00edficas del dise\u00f1o y la arquitectura. No hay un \u00fanico saber en la arquitectura y el dise\u00f1o, ni una \u00fanica manera de alcanzarlo; frente a esta apertura, debe entenderse que la ense\u00f1anza y el aprendizaje en estos campos requieren de un muy fuerte compromiso personal, en tanto cada individuo, con sus historias y rasgos personales es un protagonista activo de su propia formaci\u00f3n. Nuestro compromiso es dotar a los estudiantes de la posibilidad de alcanzar una formaci\u00f3n de excelencia, pero adem\u00e1s -y esto es fundamental- aspiramos que se aprenda a aprender; la responsabilidad de la propia formaci\u00f3n y la actualizaci\u00f3n del conocimiento no se debe agotar al cumplir la carrera. En este sentido confiamos que cada quien encuentre, en su pasaje por nuestra casa de estudios y junto al est\u00edmulo, la solvencia profesional y la avidez por saber cada vez m\u00e1s y mejor, un marco de \u00e9tica que le permita, con el mayor compromiso, devolver, al esfuerzo colectivo que realiza la sociedad para permitir nuestro funcionamiento institucional, y la formaci\u00f3n personal de cada universitario.\u201d<br \/>Dr. Arq. Gustavo Scheps.<br \/>Decano<\/p>\n<p><em>Fuente: Portal FADU<\/em><\/p>\n<p>[\/et_pb_text][dipl_button buttons_alignment_tablet=&#8221;&#8221; buttons_alignment_phone=&#8221;center&#8221; buttons_alignment_last_edited=&#8221;on|phone&#8221; _builder_version=&#8221;4.27.4&#8243; _module_preset=&#8221;default&#8221; global_colors_info=&#8221;{}&#8221;][dipl_button_item button_text=&#8221;Visitar portal FADU&#8221; button_url=&#8221;https:\/\/www.fadu.edu.uy\/&#8221; url_new_window=&#8221;on&#8221; button_bg_color=&#8221;#e44b5b&#8221; button_custom_padding=&#8221;8px|24px|8px|24px|false|false&#8221; _builder_version=&#8221;4.27.4&#8243; _module_preset=&#8221;default&#8221; button_text_color=&#8221;#FFFFFF&#8221; border_radii=&#8221;on|24px|24px|24px|24px&#8221; global_colors_info=&#8221;{}&#8221; button_bg_color__hover_enabled=&#8221;on|hover&#8221; button_bg_color__hover=&#8221;#af3a51&#8243; button_bg_enable_color__hover=&#8221;on&#8221;][\/dipl_button_item][\/dipl_button][\/et_pb_column][\/et_pb_row][\/et_pb_section]<\/p>\n","protected":false},"excerpt":{"rendered":"<p>FADU &#8211; UDELARUniversidad de la rep\u00fablica UDELAR La Universidad de la Rep\u00fablica (Udelar) es la principal instituci\u00f3n de educaci\u00f3n superior y de investigaci\u00f3n del Uruguay. En colaboraci\u00f3n con una amplia gama de actores institucionales y sociales, realiza tambi\u00e9n m\u00faltiples actividades orientadas al uso socialmente valioso del conocimiento y a la difusi\u00f3n de la cultura. Es [&hellip;]<\/p>\n","protected":false},"author":5,"featured_media":0,"parent":0,"menu_order":0,"comment_status":"closed","ping_status":"closed","template":"","meta":{"_et_pb_use_builder":"on","_et_pb_old_content":"","_et_gb_content_width":"","footnotes":""},"class_list":["post-12765","page","type-page","status-publish","hentry"],"_links":{"self":[{"href":"https:\/\/plexo.edu.uy\/index.php\/wp-json\/wp\/v2\/pages\/12765","targetHints":{"allow":["GET"]}}],"collection":[{"href":"https:\/\/plexo.edu.uy\/index.php\/wp-json\/wp\/v2\/pages"}],"about":[{"href":"https:\/\/plexo.edu.uy\/index.php\/wp-json\/wp\/v2\/types\/page"}],"author":[{"embeddable":true,"href":"https:\/\/plexo.edu.uy\/index.php\/wp-json\/wp\/v2\/users\/5"}],"replies":[{"embeddable":true,"href":"https:\/\/plexo.edu.uy\/index.php\/wp-json\/wp\/v2\/comments?post=12765"}],"version-history":[{"count":0,"href":"https:\/\/plexo.edu.uy\/index.php\/wp-json\/wp\/v2\/pages\/12765\/revisions"}],"wp:attachment":[{"href":"https:\/\/plexo.edu.uy\/index.php\/wp-json\/wp\/v2\/media?parent=12765"}],"curies":[{"name":"wp","href":"https:\/\/api.w.org\/{rel}","templated":true}]}}

<p>[et_pb_section fb_built=&#8221;1&#8243; _builder_version=&#8221;4.27.4&#8243; _module_preset=&#8221;default&#8221; background_color=&#8221;rgba(0,0,0,0.5)&#8221; background_image=&#8221;https://plexo.edu.uy/wp-content/uploads/2025/10/Facultad_de_Arquitectura_Montevideo_38.jpg&#8221; background_blend=&#8221;overlay&#8221; global_colors_info=&#8221;{}&#8221;][et_pb_row _builder_version=&#8221;4.27.4&#8243; _module_preset=&#8221;default&#8221; max_width=&#8221;2560px&#8221; custom_margin=&#8221;75px||-50px||false|false&#8221; custom_padding=&#8221;||0px||false|false&#8221; global_colors_info=&#8221;{}&#8221;][et_pb_column type=&#8221;4_4&#8243; _builder_version=&#8221;4.27.4&#8243; _module_preset=&#8221;default&#8221; global_colors_info=&#8221;{}&#8221;][et_pb_text _builder_version=&#8221;4.27.4&#8243; _module_preset=&#8221;default&#8221; header_font=&#8221;&#8211;et_global_body_font||||||||&#8221; header_text_align=&#8221;left&#8221; header_text_color=&#8221;#FFFFFF&#8221; header_font_size=&#8221;80px&#8221; header_font_size_tablet=&#8221;80px&#8221; header_font_size_phone=&#8221;60px&#8221; header_font_size_last_edited=&#8221;on|phone&#8221; global_colors_info=&#8221;{}&#8221;]</p>
<h1>FADU &#8211; UDELAR</h1>
<p>[/et_pb_text][/et_pb_column][/et_pb_row][/et_pb_section][et_pb_section fb_built=&#8221;1&#8243; admin_label=&#8221;section&#8221; _builder_version=&#8221;4.27.4&#8243; global_colors_info=&#8221;{}&#8221;][et_pb_row column_structure=&#8221;1_2,1_2&#8243; _builder_version=&#8221;4.27.4&#8243; _module_preset=&#8221;default&#8221; max_width=&#8221;2560px&#8221; global_colors_info=&#8221;{}&#8221;][et_pb_column type=&#8221;1_2&#8243; _builder_version=&#8221;4.27.4&#8243; _module_preset=&#8221;default&#8221; global_colors_info=&#8221;{}&#8221;][et_pb_text _builder_version=&#8221;4.27.4&#8243; _module_preset=&#8221;default&#8221; header_font=&#8221;&#8211;et_global_body_font|700|||||||&#8221; header_text_align=&#8221;left&#8221; header_font_size=&#8221;40px&#8221; custom_margin=&#8221;||0px||false|false&#8221; custom_padding=&#8221;||0px||false|false&#8221; global_colors_info=&#8221;{}&#8221;]</p>
<h1>Universidad de la república</h1>
<p>[/et_pb_text][et_pb_text _builder_version=&#8221;4.27.4&#8243; _module_preset=&#8221;default&#8221; text_font=&#8221;||on||||||&#8221; text_font_size=&#8221;18px&#8221; header_font=&#8221;&#8211;et_global_body_font||||||||&#8221; global_colors_info=&#8221;{}&#8221;]UDELAR<br />
[/et_pb_text][et_pb_text _builder_version=&#8221;4.27.4&#8243; _module_preset=&#8221;default&#8221; global_colors_info=&#8221;{}&#8221;]La Universidad de la República (Udelar) es la principal institución de educación superior y de investigación del Uruguay. En colaboración con una amplia gama de actores institucionales y sociales, realiza también múltiples actividades orientadas al uso socialmente valioso del conocimiento y a la difusión de la cultura. Es una institución pública, autónoma y cogobernada por sus docentes, estudiantes y egresados.</p>
<p><em>Fuente: Portal UDELAR</em><br />
[/et_pb_text][dipl_button buttons_alignment_tablet=&#8221;&#8221; buttons_alignment_phone=&#8221;center&#8221; buttons_alignment_last_edited=&#8221;on|desktop&#8221; _builder_version=&#8221;4.27.4&#8243; _module_preset=&#8221;default&#8221; global_colors_info=&#8221;{}&#8221;][dipl_button_item button_text=&#8221;Visitar portal UDELAR&#8221; button_url=&#8221;https://udelar.edu.uy/portal/&#8221; url_new_window=&#8221;on&#8221; button_bg_color=&#8221;#e44b5b&#8221; button_custom_padding=&#8221;8px|24px|8px|24px|false|false&#8221; _builder_version=&#8221;4.27.4&#8243; _module_preset=&#8221;default&#8221; button_text_color=&#8221;#FFFFFF&#8221; border_radii=&#8221;on|24px|24px|24px|24px&#8221; global_colors_info=&#8221;{}&#8221; button_bg_color__hover_enabled=&#8221;on|hover&#8221; button_bg_enable_color__hover=&#8221;on&#8221; button_bg_color__hover=&#8221;#af3a51&#8243;][/dipl_button_item][/dipl_button][/et_pb_column][et_pb_column type=&#8221;1_2&#8243; _builder_version=&#8221;4.27.4&#8243; _module_preset=&#8221;default&#8221; global_colors_info=&#8221;{}&#8221;][et_pb_image src=&#8221;https://plexo.edu.uy/wp-content/uploads/2022/03/PLEXO_UDELAR.jpg&#8221; title_text=&#8221;PLEXO_UDELAR&#8221; align=&#8221;center&#8221; _builder_version=&#8221;4.27.4&#8243; _module_preset=&#8221;default&#8221; width=&#8221;75%&#8221; global_colors_info=&#8221;{}&#8221;][/et_pb_image][/et_pb_column][/et_pb_row][et_pb_row _builder_version=&#8221;4.27.4&#8243; _module_preset=&#8221;default&#8221; max_width=&#8221;2560px&#8221; global_colors_info=&#8221;{}&#8221;][et_pb_column type=&#8221;4_4&#8243; _builder_version=&#8221;4.27.4&#8243; _module_preset=&#8221;default&#8221; global_colors_info=&#8221;{}&#8221;][et_pb_divider _builder_version=&#8221;4.27.4&#8243; _module_preset=&#8221;default&#8221; global_colors_info=&#8221;{}&#8221;][/et_pb_divider][/et_pb_column][/et_pb_row][et_pb_row _builder_version=&#8221;4.27.4&#8243; _module_preset=&#8221;default&#8221; max_width=&#8221;2560px&#8221; global_colors_info=&#8221;{}&#8221;][et_pb_column type=&#8221;4_4&#8243; _builder_version=&#8221;4.27.4&#8243; _module_preset=&#8221;default&#8221; global_colors_info=&#8221;{}&#8221;][et_pb_text _builder_version=&#8221;4.27.4&#8243; _module_preset=&#8221;default&#8221; header_font=&#8221;&#8211;et_global_body_font|700|||||||&#8221; header_text_align=&#8221;left&#8221; header_font_size=&#8221;40px&#8221; custom_margin=&#8221;||0px||false|false&#8221; custom_padding=&#8221;||0px||false|false&#8221; global_colors_info=&#8221;{}&#8221;]</p>
<h1>Facultad de Arquitectura, Diseño y Urbanismo</h1>
<p>[/et_pb_text][et_pb_text _builder_version=&#8221;4.27.4&#8243; _module_preset=&#8221;default&#8221; text_font=&#8221;||on||||||&#8221; text_font_size=&#8221;18px&#8221; header_font=&#8221;&#8211;et_global_body_font||||||||&#8221; global_colors_info=&#8221;{}&#8221;]FADU<br />
[/et_pb_text][/et_pb_column][/et_pb_row][et_pb_row column_structure=&#8221;1_2,1_2&#8243; _builder_version=&#8221;4.27.4&#8243; _module_preset=&#8221;default&#8221; max_width=&#8221;2560px&#8221; global_colors_info=&#8221;{}&#8221;][et_pb_column type=&#8221;1_2&#8243; _builder_version=&#8221;4.27.4&#8243; _module_preset=&#8221;default&#8221; global_colors_info=&#8221;{}&#8221;][et_pb_text _builder_version=&#8221;4.27.4&#8243; _module_preset=&#8221;default&#8221; global_colors_info=&#8221;{}&#8221;]“En la Facultad de Arquitectura se forman e investigan quienes intervienen activamente en la concepción y en la construcción física del hábitat del hombre, en sus múltiples dimensiones.<br />
En los diferentes ámbitos y carreras de la Facultad, se desarrollan y transmiten conocimientos y habilidades que permiten imaginar y fabricar objetos, o indumentaria, o el equipamiento incluido en cierta habitación, o proyectar el edificio del que esta habitación forma parte, o la manzana de la ciudad donde está edificado aquel edificio, o planificar la ciudad en la que está incluida aquella manzana, o participar en el ordenamiento del territorio donde se asienta aquella ciudad, o…</p>
<p>Más particularmente la formación que en nuestra Facultad se desarrolla, permite intervenir en todas estas instancias como individuos poseedores de conocimientos específicos, o aportar miradas especializadas -de arquitectos o diseñadores- a equipos interdisciplinares.</p>
<p>Todas nuestras carreras se vinculan al diseño y el proyecto; sus egresados son Arquitectos, Licenciados en Diseño de Comunicación Visual, Licenciados en Diseño de Paisaje, Licenciados en Diseño Industrial- perfil Producto y perfil Textil-Indumentaria, Licenciados en Diseño Integrado – perfil Eficiencia Energética y perfil Desarrollo Local. Todos piensan en términos de futuros posibles, de organización y creación de espacios y objetos, conciben las formas de materializar esas ideas, y analizan las repercusiones culturales y sociales de sus ideas.<br />
La Universidad cumple tres funciones básicas: enseñanza (transmisión de conocimiento y desarrollo de habilidades), investigación (creación de conocimiento original) y extensión (intercambio con el medio, aportando saberes y recogiendo experiencias). Cada vez más se entiende que las tres están interrelacionadas y son complementarias. De hecho, en nuestras carreras, se admite la importancia formativa de todas ellas, y se procura que el estudiante avance en su formación realizando actividades dentro y fuera de las aulas, adecuadamente evaluadas y supervisadas.<br />
[/et_pb_text][/et_pb_column][et_pb_column type=&#8221;1_2&#8243; _builder_version=&#8221;4.27.4&#8243; _module_preset=&#8221;default&#8221; global_colors_info=&#8221;{}&#8221;][et_pb_text _builder_version=&#8221;4.27.4&#8243; _module_preset=&#8221;default&#8221; global_colors_info=&#8221;{}&#8221;]</p>
<p>La enseñanza y el aprendizaje en la Universidad, y en particular en nuestra Facultad, trasladan al estudiante la posibilidad de elegir -en buena medida- sus itinerarios. En la Facultad de Arquitectura, los cursos adoptan dos modalidades diferentes; los teóricos, en las cuales se transmiten los contenidos esenciales de la formación, y los talleres en los cuales se desarrollan ciertas capacidades específicas del diseño y la arquitectura. No hay un único saber en la arquitectura y el diseño, ni una única manera de alcanzarlo; frente a esta apertura, debe entenderse que la enseñanza y el aprendizaje en estos campos requieren de un muy fuerte compromiso personal, en tanto cada individuo, con sus historias y rasgos personales es un protagonista activo de su propia formación. Nuestro compromiso es dotar a los estudiantes de la posibilidad de alcanzar una formación de excelencia, pero además -y esto es fundamental- aspiramos que se aprenda a aprender; la responsabilidad de la propia formación y la actualización del conocimiento no se debe agotar al cumplir la carrera. En este sentido confiamos que cada quien encuentre, en su pasaje por nuestra casa de estudios y junto al estímulo, la solvencia profesional y la avidez por saber cada vez más y mejor, un marco de ética que le permita, con el mayor compromiso, devolver, al esfuerzo colectivo que realiza la sociedad para permitir nuestro funcionamiento institucional, y la formación personal de cada universitario.”<br />Dr. Arq. Gustavo Scheps.<br />Decano</p>
<p><em>Fuente: Portal FADU</em></p>
<p>[/et_pb_text][dipl_button buttons_alignment_tablet=&#8221;&#8221; buttons_alignment_phone=&#8221;center&#8221; buttons_alignment_last_edited=&#8221;on|phone&#8221; _builder_version=&#8221;4.27.4&#8243; _module_preset=&#8221;default&#8221; global_colors_info=&#8221;{}&#8221;][dipl_button_item button_text=&#8221;Visitar portal FADU&#8221; button_url=&#8221;https://www.fadu.edu.uy/&#8221; url_new_window=&#8221;on&#8221; button_bg_color=&#8221;#e44b5b&#8221; button_custom_padding=&#8221;8px|24px|8px|24px|false|false&#8221; _builder_version=&#8221;4.27.4&#8243; _module_preset=&#8221;default&#8221; button_text_color=&#8221;#FFFFFF&#8221; border_radii=&#8221;on|24px|24px|24px|24px&#8221; global_colors_info=&#8221;{}&#8221; button_bg_color__hover_enabled=&#8221;on|hover&#8221; button_bg_color__hover=&#8221;#af3a51&#8243; button_bg_enable_color__hover=&#8221;on&#8221;][/dipl_button_item][/dipl_button][/et_pb_column][/et_pb_row][/et_pb_section]</p>

<p>FADU &#8211; UDELARUniversidad de la república UDELAR La Universidad de la República (Udelar) es la principal institución de educación superior y de investigación del Uruguay. En colaboración con una amplia gama de actores institucionales y sociales, realiza también múltiples actividades orientadas al uso socialmente valioso del conocimiento y a la difusión de la cultura. Es [&hellip;]</p>
