{"id":12782,"date":"2025-10-13T17:37:24","date_gmt":"2025-10-13T17:37:24","guid":{"rendered":"https:\/\/plexo.edu.uy\/?page_id=12782"},"modified":"2025-10-21T18:03:25","modified_gmt":"2025-10-21T18:03:25","slug":"historial-plexo","status":"publish","type":"page","link":"https:\/\/plexo.edu.uy\/index.php\/historial-plexo\/","title":{"rendered":"Archivo Plexo"},"content":{"rendered":"<p>[et_pb_section fb_built=&#8221;1&#8243; _builder_version=&#8221;4.27.4&#8243; _module_preset=&#8221;default&#8221; background_color=&#8221;rgba(0,0,0,0.5)&#8221; background_image=&#8221;https:\/\/plexo.edu.uy\/wp-content\/uploads\/2022\/09\/Tercer-giro-digital-scaled.jpg&#8221; background_blend=&#8221;overlay&#8221; global_colors_info=&#8221;{}&#8221;][et_pb_row _builder_version=&#8221;4.27.4&#8243; _module_preset=&#8221;default&#8221; max_width=&#8221;2560px&#8221; custom_margin=&#8221;75px||-50px||false|false&#8221; custom_padding=&#8221;||0px||false|false&#8221; global_colors_info=&#8221;{}&#8221;][et_pb_column type=&#8221;4_4&#8243; _builder_version=&#8221;4.27.4&#8243; _module_preset=&#8221;default&#8221; global_colors_info=&#8221;{}&#8221;][et_pb_text _builder_version=&#8221;4.27.4&#8243; _module_preset=&#8221;default&#8221; header_font=&#8221;&#8211;et_global_body_font||||||||&#8221; header_text_align=&#8221;left&#8221; header_text_color=&#8221;#FFFFFF&#8221; header_font_size=&#8221;80px&#8221; header_font_size_tablet=&#8221;80px&#8221; header_font_size_phone=&#8221;50px&#8221; header_font_size_last_edited=&#8221;on|phone&#8221; global_colors_info=&#8221;{}&#8221;]<\/p>\n<h1>ARCHIVO PLEXO<\/h1>\n<p>[\/et_pb_text][\/et_pb_column][\/et_pb_row][\/et_pb_section][et_pb_section fb_built=&#8221;1&#8243; admin_label=&#8221;section&#8221; _builder_version=&#8221;4.16&#8243; global_colors_info=&#8221;{}&#8221;][et_pb_row column_structure=&#8221;1_4,1_4,1_4,1_4&#8243; use_custom_gutter=&#8221;on&#8221; gutter_width=&#8221;2&#8243; admin_label=&#8221;row&#8221; _builder_version=&#8221;4.27.4&#8243; background_size=&#8221;initial&#8221; background_position=&#8221;top_left&#8221; background_repeat=&#8221;repeat&#8221; max_width=&#8221;2560px&#8221; global_colors_info=&#8221;{}&#8221;][et_pb_column type=&#8221;1_4&#8243; _builder_version=&#8221;4.16&#8243; custom_padding=&#8221;|||&#8221; global_colors_info=&#8221;{}&#8221; custom_padding__hover=&#8221;|||&#8221;][et_pb_text _builder_version=&#8221;4.27.4&#8243; _module_preset=&#8221;default&#8221; text_text_color=&#8221;#FFFFFF&#8221; text_line_height=&#8221;1em&#8221; header_font=&#8221;&#8211;et_global_body_font|700|||||||&#8221; header_text_color=&#8221;#FFFFFF&#8221; background_color=&#8221;rgba(0,0,0,0.5)&#8221; background_image=&#8221;https:\/\/plexo.edu.uy\/wp-content\/uploads\/2022\/03\/Itinerarios03-01.png&#8221; background_blend=&#8221;overlay&#8221; custom_padding=&#8221;56px||56px||true|false&#8221; link_option_url=&#8221;https:\/\/www.fadu.edu.uy\/viaje2015\/&#8221; border_radii=&#8221;on|8px|8px|8px|8px&#8221; border_color_all=&#8221;#FFFFFF&#8221; box_shadow_style=&#8221;preset2&#8243; box_shadow_horizontal=&#8221;4px&#8221; box_shadow_vertical=&#8221;4px&#8221; box_shadow_blur=&#8221;8px&#8221; global_colors_info=&#8221;{}&#8221; transform_styles__hover_enabled=&#8221;on|hover&#8221; transform_scale__hover_enabled=&#8221;on|hover&#8221; transform_translate__hover_enabled=&#8221;on|desktop&#8221; transform_rotate__hover_enabled=&#8221;on|desktop&#8221; transform_skew__hover_enabled=&#8221;on|desktop&#8221; transform_origin__hover_enabled=&#8221;on|desktop&#8221; transform_scale__hover=&#8221;105%|105%&#8221;]<\/p>\n<h1 style=\"text-align: center;\">PLEXO<\/h1>\n<p style=\"text-align: center;\">2015<\/p>\n<p>[\/et_pb_text][\/et_pb_column][et_pb_column type=&#8221;1_4&#8243; _builder_version=&#8221;4.16&#8243; custom_padding=&#8221;|||&#8221; global_colors_info=&#8221;{}&#8221; custom_padding__hover=&#8221;|||&#8221;][et_pb_text _builder_version=&#8221;4.27.4&#8243; _module_preset=&#8221;default&#8221; text_text_color=&#8221;#FFFFFF&#8221; text_line_height=&#8221;1em&#8221; header_font=&#8221;&#8211;et_global_body_font|700|||||||&#8221; header_text_color=&#8221;#FFFFFF&#8221; background_color=&#8221;rgba(0,0,0,0.5)&#8221; background_image=&#8221;https:\/\/plexo.edu.uy\/wp-content\/uploads\/2022\/11\/iss040e098804-scaled.jpg&#8221; background_blend=&#8221;overlay&#8221; custom_padding=&#8221;56px||56px||true|false&#8221; link_option_url=&#8221;https:\/\/viaje18.plexo.edu.uy\/&#8221; border_radii=&#8221;on|8px|8px|8px|8px&#8221; border_color_all=&#8221;#FFFFFF&#8221; box_shadow_style=&#8221;preset2&#8243; box_shadow_horizontal=&#8221;4px&#8221; box_shadow_vertical=&#8221;4px&#8221; box_shadow_blur=&#8221;8px&#8221; global_colors_info=&#8221;{}&#8221; transform_styles__hover_enabled=&#8221;on|hover&#8221; transform_scale__hover_enabled=&#8221;on|hover&#8221; transform_translate__hover_enabled=&#8221;on|desktop&#8221; transform_rotate__hover_enabled=&#8221;on|desktop&#8221; transform_skew__hover_enabled=&#8221;on|desktop&#8221; transform_origin__hover_enabled=&#8221;on|desktop&#8221; transform_scale__hover=&#8221;105%|105%&#8221;]<\/p>\n<h1 style=\"text-align: center;\">PLEXO<\/h1>\n<p style=\"text-align: center;\">2018<\/p>\n<p>[\/et_pb_text][\/et_pb_column][et_pb_column type=&#8221;1_4&#8243; _builder_version=&#8221;4.16&#8243; custom_padding=&#8221;|||&#8221; global_colors_info=&#8221;{}&#8221; custom_padding__hover=&#8221;|||&#8221;][et_pb_text _builder_version=&#8221;4.27.4&#8243; _module_preset=&#8221;default&#8221; text_text_color=&#8221;#FFFFFF&#8221; text_line_height=&#8221;1em&#8221; header_font=&#8221;&#8211;et_global_body_font|700|||||||&#8221; header_text_color=&#8221;#FFFFFF&#8221; background_color=&#8221;rgba(0,0,0,0.5)&#8221; background_image=&#8221;https:\/\/plexo.edu.uy\/wp-content\/uploads\/2025\/10\/Plexo_Futuros-Posibles.jpg&#8221; background_blend=&#8221;overlay&#8221; custom_padding=&#8221;56px||56px||true|false&#8221; link_option_url=&#8221;https:\/\/plexo.edu.uy\/index.php\/curricularizacion\/&#8221; border_radii=&#8221;on|8px|8px|8px|8px&#8221; border_color_all=&#8221;#FFFFFF&#8221; box_shadow_style=&#8221;preset2&#8243; box_shadow_horizontal=&#8221;4px&#8221; box_shadow_vertical=&#8221;4px&#8221; box_shadow_blur=&#8221;8px&#8221; global_colors_info=&#8221;{}&#8221; transform_styles__hover_enabled=&#8221;on|hover&#8221; transform_scale__hover_enabled=&#8221;on|hover&#8221; transform_translate__hover_enabled=&#8221;on|desktop&#8221; transform_rotate__hover_enabled=&#8221;on|desktop&#8221; transform_skew__hover_enabled=&#8221;on|desktop&#8221; transform_origin__hover_enabled=&#8221;on|desktop&#8221; transform_scale__hover=&#8221;105%|105%&#8221;]<\/p>\n<h1 style=\"text-align: center;\">PLEXO<\/h1>\n<p style=\"text-align: center;\">2023<\/p>\n<p>[\/et_pb_text][\/et_pb_column][et_pb_column type=&#8221;1_4&#8243; _builder_version=&#8221;4.16&#8243; custom_padding=&#8221;|||&#8221; global_colors_info=&#8221;{}&#8221; custom_padding__hover=&#8221;|||&#8221;][et_pb_text _builder_version=&#8221;4.27.4&#8243; _module_preset=&#8221;default&#8221; text_text_color=&#8221;#FFFFFF&#8221; text_line_height=&#8221;1em&#8221; header_font=&#8221;&#8211;et_global_body_font|700|||||||&#8221; header_text_color=&#8221;#FFFFFF&#8221; background_color=&#8221;rgba(0,0,0,0.5)&#8221; background_image=&#8221;https:\/\/plexo.edu.uy\/wp-content\/uploads\/2025\/10\/EFI-Plexo.jpg&#8221; background_blend=&#8221;overlay&#8221; custom_padding=&#8221;56px||56px||true|false&#8221; link_option_url=&#8221;https:\/\/plexo.edu.uy\/index.php\/historial-plexo\/#efiplexo&#8221; border_radii=&#8221;on|8px|8px|8px|8px&#8221; border_color_all=&#8221;#FFFFFF&#8221; box_shadow_style=&#8221;preset2&#8243; box_shadow_horizontal=&#8221;4px&#8221; box_shadow_vertical=&#8221;4px&#8221; box_shadow_blur=&#8221;8px&#8221; global_colors_info=&#8221;{}&#8221; transform_styles__hover_enabled=&#8221;on|hover&#8221; transform_scale__hover_enabled=&#8221;on|hover&#8221; transform_translate__hover_enabled=&#8221;on|desktop&#8221; transform_rotate__hover_enabled=&#8221;on|desktop&#8221; transform_skew__hover_enabled=&#8221;on|desktop&#8221; transform_origin__hover_enabled=&#8221;on|desktop&#8221; transform_scale__hover=&#8221;105%|105%&#8221;]<\/p>\n<h1 style=\"text-align: center;\">EFI PLEXO<\/h1>\n<p style=\"text-align: center;\">ESPACIO DE FORMACI\u00d3N INTEGRAL<\/p>\n<p>[\/et_pb_text][\/et_pb_column][\/et_pb_row][et_pb_row column_structure=&#8221;1_2,1_2&#8243; module_id=&#8221;efiplexo&#8221; _builder_version=&#8221;4.27.4&#8243; _module_preset=&#8221;default&#8221; max_width=&#8221;2560px&#8221; custom_margin=&#8221;48px||||false|false&#8221; custom_margin_tablet=&#8221;48px||||false|false&#8221; custom_margin_phone=&#8221;0px||||false|false&#8221; custom_margin_last_edited=&#8221;on|phone&#8221; global_colors_info=&#8221;{}&#8221;][et_pb_column type=&#8221;1_2&#8243; _builder_version=&#8221;4.27.4&#8243; _module_preset=&#8221;default&#8221; global_colors_info=&#8221;{}&#8221;][et_pb_text _builder_version=&#8221;4.27.4&#8243; _module_preset=&#8221;default&#8221; global_colors_info=&#8221;{}&#8221;]<\/p>\n<p><strong style=\"color: #333333; font-size: 30px;\">Espacio de Formaci\u00f3n Integral (EFI) Plexo<\/strong><\/p>\n<p>[\/et_pb_text][et_pb_text _builder_version=&#8221;4.27.4&#8243; _module_preset=&#8221;default&#8221; global_colors_info=&#8221;{}&#8221;]<\/p>\n<p>El espacio de formaci\u00f3n integral (EFI) PLEXO busca\u00a0posicionarse como un\u00a0<em>do\/think tank<\/em>\u00a0de actividades referentes al Viaje de Arquitectura, que surge de la experiencia\u00a0<a href=\"http:\/\/www.fadu.edu.uy\/viaje2015\/\" target=\"_blank\" rel=\"noopener\">\u201cPlexo \u2013 Una traves\u00eda multisensorial\u201d<\/a>, del a\u00f1o 2015.<\/p>\n<p>Se postula como\u00a0un colectivo din\u00e1mico, con la intenci\u00f3n de sumar conocimientos y aportar acciones concretas de\u00a0difusi\u00f3n y divulgaci\u00f3n de la herramienta \u201cviaje\u201d dentro de la formaci\u00f3n del arquitecto.<\/p>\n<p>El objetivo\u00a0principal es potenciar y estimular dicha herramienta en base a la investigaci\u00f3n acad\u00e9mica al interno de\u00a0la instituci\u00f3n, y la implementaci\u00f3n de acciones capaces de acercar a toda la sociedad a la experiencia\u00a0estudiantil, generando as\u00ed conciencia acerca de la virtudes y potencialidades acad\u00e9micas que el viaje\u00a0genera.<\/p>\n<p>La instrumentaci\u00f3n de todas las acciones ser\u00e1 producto de un trabajo conjunto entre el\u00a0colectivo docente proponente, docentes invitados de diversos \u00e1mbitos del contexto universitario, y\u00a0estudiantes involucrados en el viaje, en cualquiera de sus etapas.<\/p>\n<p>[\/et_pb_text][dipl_button _builder_version=&#8221;4.27.4&#8243; _module_preset=&#8221;default&#8221; global_colors_info=&#8221;{}&#8221;][dipl_button_item button_text=&#8221;Plexo es EFI&#8221; button_url=&#8221;https:\/\/www.fadu.edu.uy\/viaje2015\/bitacora\/plexo-es-efi\/&#8221; button_bg_color=&#8221;#e44b5b&#8221; button_custom_padding=&#8221;8px|24px|8px|24px|true|true&#8221; _builder_version=&#8221;4.27.4&#8243; _module_preset=&#8221;default&#8221; button_text_color=&#8221;#FFFFFF&#8221; border_radii=&#8221;on|24px|24px|24px|24px&#8221; global_colors_info=&#8221;{}&#8221;][\/dipl_button_item][\/dipl_button][\/et_pb_column][et_pb_column type=&#8221;1_2&#8243; _builder_version=&#8221;4.27.4&#8243; _module_preset=&#8221;default&#8221; global_colors_info=&#8221;{}&#8221;][et_pb_image src=&#8221;https:\/\/plexo.edu.uy\/wp-content\/uploads\/2022\/05\/EFI-Plexo.jpg&#8221; title_text=&#8221;Untitled-1.cdr&#8221; _builder_version=&#8221;4.27.4&#8243; _module_preset=&#8221;default&#8221; transform_scale_linked=&#8221;off&#8221; global_colors_info=&#8221;{}&#8221;][\/et_pb_image][\/et_pb_column][\/et_pb_row][et_pb_row _builder_version=&#8221;4.27.4&#8243; _module_preset=&#8221;default&#8221; max_width=&#8221;2560px&#8221; global_colors_info=&#8221;{}&#8221;][et_pb_column type=&#8221;4_4&#8243; _builder_version=&#8221;4.27.4&#8243; _module_preset=&#8221;default&#8221; global_colors_info=&#8221;{}&#8221;][et_pb_divider _builder_version=&#8221;4.27.4&#8243; _module_preset=&#8221;default&#8221; global_colors_info=&#8221;{}&#8221;][\/et_pb_divider][\/et_pb_column][\/et_pb_row][et_pb_row column_structure=&#8221;1_3,1_3,1_3&#8243; use_custom_gutter=&#8221;on&#8221; gutter_width=&#8221;2&#8243; _builder_version=&#8221;4.27.4&#8243; _module_preset=&#8221;default&#8221; max_width=&#8221;2560px&#8221; custom_margin=&#8221;||||false|false&#8221; custom_margin_tablet=&#8221;48px||||false|false&#8221; custom_margin_phone=&#8221;0px||||false|false&#8221; custom_margin_last_edited=&#8221;on|desktop&#8221; global_colors_info=&#8221;{}&#8221;][et_pb_column type=&#8221;1_3&#8243; _builder_version=&#8221;4.27.4&#8243; _module_preset=&#8221;default&#8221; global_colors_info=&#8221;{}&#8221;][et_pb_video src=&#8221;https:\/\/vimeo.com\/189194859?fl=pl&#038;fe=vl&#8221; _builder_version=&#8221;4.27.4&#8243; _module_preset=&#8221;default&#8221; global_colors_info=&#8221;{}&#8221;][\/et_pb_video][et_pb_text _builder_version=&#8221;4.27.4&#8243; _module_preset=&#8221;default&#8221; header_font=&#8221;&#8211;et_global_body_font||||||||&#8221; global_colors_info=&#8221;{}&#8221;]<\/p>\n<h1><strong>Producci\u00f3n documental\/ audiovisual del Espacio de Formaci\u00f3n Integral (EFI) Plexo<\/strong><\/h1>\n<p>Realizaci\u00f3n del documental \u201cPlexo \u2013 Una traves\u00eda multisensorial\u201d.\u00a0Este proyecto se centra en la difusi\u00f3n del Viaje de Arquitectura como experiencia integral, abarcando la dimensi\u00f3n humana y acad\u00e9mica, desde una perspectiva amplia.<\/p>\n<p>Resume, a trav\u00e9s de diversos contenidos audiovisuales captados durante el viaje del a\u00f1o 2015, las experiencias de m\u00e1s de una veintena de estudiantes, acerca de lo que el viaje representa a nivel formativo y humano.<\/p>\n<p>El producto final es un mediometraje documental de 85 minutos que moldean una mirada exploratoria y endocultural. Si bien esta construcci\u00f3n discursiva se centra en un viaje particular, es extrapolable a todos los viajes de arquitectura, y funge como testimonio actual de una experiencia vital \u00fanica en el mundo entero.<br \/><strong><em>(Ver Trailer)<\/em><\/strong><\/p>\n<p>[\/et_pb_text][\/et_pb_column][et_pb_column type=&#8221;1_3&#8243; _builder_version=&#8221;4.27.4&#8243; _module_preset=&#8221;default&#8221; global_colors_info=&#8221;{}&#8221;][et_pb_image src=&#8221;https:\/\/plexo.edu.uy\/wp-content\/uploads\/2022\/03\/Viaje2-0_Web-2-242&#215;300-1.jpg&#8221; title_text=&#8221;Viaje2-0_Web-2-242&#215;300-1&#8243; align=&#8221;center&#8221; _builder_version=&#8221;4.27.4&#8243; _module_preset=&#8221;default&#8221; height=&#8221;302px&#8221; global_colors_info=&#8221;{}&#8221;][\/et_pb_image][et_pb_text _builder_version=&#8221;4.27.4&#8243; _module_preset=&#8221;default&#8221; header_font=&#8221;&#8211;et_global_body_font||||||||&#8221; global_colors_info=&#8221;{}&#8221;]<\/p>\n<h1><strong>Producci\u00f3n bibliogr\u00e1fica del Espacio de Formaci\u00f3n Integral (EFI) Plexo<\/strong><\/h1>\n<p>Las publicaciones \u201cViaje 2.0. Primera curricularizaci\u00f3n del Viaje de Arquitectura\u201d (2011), \u201cMoleskine\/1 \u2013 Metalecturas de Viaje\u201d (2015), y \u201cMoleskine\/2 \u2013 Unplugged\u201d (2016), conforman el haber bibliogr\u00e1fico producido al interno del EFI, con las generaciones 2004 y 2008.<\/p>\n<p>Estos vol\u00famenes, editados y compilados con especial \u00e9nfasis en la producci\u00f3n estudiantil y el aporte docente, conforman un testimonio veraz del valor del Viaje de Arquitectura, legado a la comunidad universitaria<\/p>\n<p>[\/et_pb_text][\/et_pb_column][et_pb_column type=&#8221;1_3&#8243; _builder_version=&#8221;4.27.4&#8243; _module_preset=&#8221;default&#8221; global_colors_info=&#8221;{}&#8221;][et_pb_image src=&#8221;https:\/\/plexo.edu.uy\/wp-content\/uploads\/2022\/03\/extension.jpg&#8221; title_text=&#8221;extension&#8221; align=&#8221;center&#8221; _builder_version=&#8221;4.27.4&#8243; _module_preset=&#8221;default&#8221; width=&#8221;100%&#8221; global_colors_info=&#8221;{}&#8221;][\/et_pb_image][et_pb_text _builder_version=&#8221;4.27.4&#8243; _module_preset=&#8221;default&#8221; header_font=&#8221;&#8211;et_global_body_font||||||||&#8221; global_colors_info=&#8221;{}&#8221;]<\/p>\n<h1><strong>Actividades de Extensi\u00f3n del Espacio de Formaci\u00f3n Integral (EFI) Plexo<\/strong><\/h1>\n<p>Como parte de las actividades de Extensi\u00f3n universitaria, el EFI PLEXO ha llevado adelante, junto a grupos de estudiantes, actividades de exposici\u00f3n fotogr\u00e1fica.<\/p>\n<p>Entre ellas destacan, la exposici\u00f3n \u201cRivera por el mundo\u201d, en el Centro Universitario de Rivera (2012), y la muestra \u201cAdhuc Stantes (todav\u00eda en pie)\u201d, en el Instituto Italiano de Cultura (2017).<\/p>\n<p>Otras actividades previstas contemplan la proyecci\u00f3n itinerante del audiovisual documental \u201cPlexo \u2013 Una traves\u00eda multisensorial\u201d, en distintas facultades y centros universitarios del interior del pa\u00eds.<\/p>\n<p>[\/et_pb_text][\/et_pb_column][\/et_pb_row][\/et_pb_section]<\/p>\n","protected":false},"excerpt":{"rendered":"<p>ARCHIVO PLEXOPLEXO 2015PLEXO 2018PLEXO 2023EFI PLEXO ESPACIO DE FORMACI\u00d3N INTEGRALEspacio de Formaci\u00f3n Integral (EFI) PlexoEl espacio de formaci\u00f3n integral (EFI) PLEXO busca\u00a0posicionarse como un\u00a0do\/think tank\u00a0de actividades referentes al Viaje de Arquitectura, que surge de la experiencia\u00a0\u201cPlexo \u2013 Una traves\u00eda multisensorial\u201d, del a\u00f1o 2015. Se postula como\u00a0un colectivo din\u00e1mico, con la intenci\u00f3n de sumar conocimientos y [&hellip;]<\/p>\n","protected":false},"author":5,"featured_media":0,"parent":0,"menu_order":0,"comment_status":"closed","ping_status":"closed","template":"","meta":{"_et_pb_use_builder":"on","_et_pb_old_content":"","_et_gb_content_width":"","footnotes":""},"class_list":["post-12782","page","type-page","status-publish","hentry"],"_links":{"self":[{"href":"https:\/\/plexo.edu.uy\/index.php\/wp-json\/wp\/v2\/pages\/12782","targetHints":{"allow":["GET"]}}],"collection":[{"href":"https:\/\/plexo.edu.uy\/index.php\/wp-json\/wp\/v2\/pages"}],"about":[{"href":"https:\/\/plexo.edu.uy\/index.php\/wp-json\/wp\/v2\/types\/page"}],"author":[{"embeddable":true,"href":"https:\/\/plexo.edu.uy\/index.php\/wp-json\/wp\/v2\/users\/5"}],"replies":[{"embeddable":true,"href":"https:\/\/plexo.edu.uy\/index.php\/wp-json\/wp\/v2\/comments?post=12782"}],"version-history":[{"count":0,"href":"https:\/\/plexo.edu.uy\/index.php\/wp-json\/wp\/v2\/pages\/12782\/revisions"}],"wp:attachment":[{"href":"https:\/\/plexo.edu.uy\/index.php\/wp-json\/wp\/v2\/media?parent=12782"}],"curies":[{"name":"wp","href":"https:\/\/api.w.org\/{rel}","templated":true}]}}